{"id":6885,"date":"2022-03-08T13:51:38","date_gmt":"2022-03-08T12:51:38","guid":{"rendered":"https:\/\/punicacinema.fr\/?page_id=6885"},"modified":"2025-08-30T20:18:38","modified_gmt":"2025-08-30T18:18:38","slug":"impulsion","status":"publish","type":"page","link":"https:\/\/punicacinema.fr\/?page_id=6885","title":{"rendered":"IMPULSION"},"content":{"rendered":"\t\t<div data-elementor-type=\"wp-page\" data-elementor-id=\"6885\" class=\"elementor elementor-6885\" data-elementor-settings=\"{&quot;ha_cmc_init_switcher&quot;:&quot;no&quot;}\" data-elementor-post-type=\"page\">\n\t\t\t\t\t\t<section class=\"elementor-section elementor-top-section elementor-element elementor-element-4db2baa elementor-section-stretched elementor-section-boxed elementor-section-height-default elementor-section-height-default edgtf-parallax-row-no edgtf-content-aligment-left edgtf-elementor-row-grid-no edgtf-disabled-bg-image-bellow-no\" data-id=\"4db2baa\" data-element_type=\"section\" data-e-type=\"section\" data-settings=\"{&quot;stretch_section&quot;:&quot;section-stretched&quot;,&quot;_ha_eqh_enable&quot;:false}\">\n\t\t\t\t\t\t<div class=\"elementor-container elementor-column-gap-default\">\n\t\t\t\t\t<div class=\"elementor-column elementor-col-100 elementor-top-column elementor-element elementor-element-4aa05af\" data-id=\"4aa05af\" data-element_type=\"column\" data-e-type=\"column\">\n\t\t\t<div class=\"elementor-widget-wrap elementor-element-populated\">\n\t\t\t\t\t\t<div class=\"elementor-element elementor-element-43a0a53 elementor-widget elementor-widget-image\" data-id=\"43a0a53\" data-element_type=\"widget\" data-e-type=\"widget\" data-widget_type=\"image.default\">\n\t\t\t\t<div class=\"elementor-widget-container\">\n\t\t\t\t\t\t\t\t\t\t\t\t\t\t\t<img fetchpriority=\"high\" decoding=\"async\" width=\"1920\" height=\"950\" src=\"https:\/\/punicacinema.fr\/wp-content\/uploads\/2022\/01\/vlcsnap-2019-11-29-17h36m42s127-e1646748619121.png\" class=\"attachment-full size-full wp-image-6545\" alt=\"\" srcset=\"https:\/\/punicacinema.fr\/wp-content\/uploads\/2022\/01\/vlcsnap-2019-11-29-17h36m42s127-e1646748619121.png 1920w, https:\/\/punicacinema.fr\/wp-content\/uploads\/2022\/01\/vlcsnap-2019-11-29-17h36m42s127-e1646748619121-300x148.png 300w, https:\/\/punicacinema.fr\/wp-content\/uploads\/2022\/01\/vlcsnap-2019-11-29-17h36m42s127-e1646748619121-1024x507.png 1024w, https:\/\/punicacinema.fr\/wp-content\/uploads\/2022\/01\/vlcsnap-2019-11-29-17h36m42s127-e1646748619121-768x380.png 768w, https:\/\/punicacinema.fr\/wp-content\/uploads\/2022\/01\/vlcsnap-2019-11-29-17h36m42s127-e1646748619121-1536x760.png 1536w, https:\/\/punicacinema.fr\/wp-content\/uploads\/2022\/01\/vlcsnap-2019-11-29-17h36m42s127-e1646748619121-600x297.png 600w\" sizes=\"(max-width: 1920px) 100vw, 1920px\" \/>\t\t\t\t\t\t\t\t\t\t\t\t\t\t\t<\/div>\n\t\t\t\t<\/div>\n\t\t\t\t\t<\/div>\n\t\t<\/div>\n\t\t\t\t\t<\/div>\n\t\t<\/section>\n\t\t\t\t<section class=\"elementor-section elementor-top-section elementor-element elementor-element-4d2a85f elementor-section-boxed elementor-section-height-default elementor-section-height-default edgtf-parallax-row-no edgtf-content-aligment-left edgtf-elementor-row-grid-no edgtf-disabled-bg-image-bellow-no\" data-id=\"4d2a85f\" data-element_type=\"section\" data-e-type=\"section\" data-settings=\"{&quot;_ha_eqh_enable&quot;:false}\">\n\t\t\t\t\t\t<div class=\"elementor-container elementor-column-gap-default\">\n\t\t\t\t\t<div class=\"elementor-column elementor-col-33 elementor-top-column elementor-element elementor-element-b76b21b\" data-id=\"b76b21b\" data-element_type=\"column\" data-e-type=\"column\">\n\t\t\t<div class=\"elementor-widget-wrap elementor-element-populated\">\n\t\t\t\t\t\t<div class=\"elementor-element elementor-element-68dbcc8 elementor-widget elementor-widget-image\" data-id=\"68dbcc8\" data-element_type=\"widget\" data-e-type=\"widget\" data-widget_type=\"image.default\">\n\t\t\t\t<div class=\"elementor-widget-container\">\n\t\t\t\t\t\t\t\t\t\t\t\t\t\t\t<img decoding=\"async\" width=\"819\" height=\"1024\" src=\"https:\/\/punicacinema.fr\/wp-content\/uploads\/2022\/01\/WhatsApp-Image-2022-01-06-at-16.48.47-819x1024.jpeg\" class=\"attachment-large size-large wp-image-6066\" alt=\"\" srcset=\"https:\/\/punicacinema.fr\/wp-content\/uploads\/2022\/01\/WhatsApp-Image-2022-01-06-at-16.48.47-819x1024.jpeg 819w, https:\/\/punicacinema.fr\/wp-content\/uploads\/2022\/01\/WhatsApp-Image-2022-01-06-at-16.48.47-240x300.jpeg 240w, https:\/\/punicacinema.fr\/wp-content\/uploads\/2022\/01\/WhatsApp-Image-2022-01-06-at-16.48.47-768x961.jpeg 768w, https:\/\/punicacinema.fr\/wp-content\/uploads\/2022\/01\/WhatsApp-Image-2022-01-06-at-16.48.47-1228x1536.jpeg 1228w, https:\/\/punicacinema.fr\/wp-content\/uploads\/2022\/01\/WhatsApp-Image-2022-01-06-at-16.48.47-600x750.jpeg 600w, https:\/\/punicacinema.fr\/wp-content\/uploads\/2022\/01\/WhatsApp-Image-2022-01-06-at-16.48.47.jpeg 1511w\" sizes=\"(max-width: 819px) 100vw, 819px\" \/>\t\t\t\t\t\t\t\t\t\t\t\t\t\t\t<\/div>\n\t\t\t\t<\/div>\n\t\t\t\t\t<\/div>\n\t\t<\/div>\n\t\t\t\t<div class=\"elementor-column elementor-col-66 elementor-top-column elementor-element elementor-element-9261215\" data-id=\"9261215\" data-element_type=\"column\" data-e-type=\"column\">\n\t\t\t<div class=\"elementor-widget-wrap elementor-element-populated\">\n\t\t\t\t\t\t<div class=\"elementor-element elementor-element-e8e2afb elementor-widget-tablet__width-initial elementor-widget elementor-widget-heading\" data-id=\"e8e2afb\" data-element_type=\"widget\" data-e-type=\"widget\" data-widget_type=\"heading.default\">\n\t\t\t\t<div class=\"elementor-widget-container\">\n\t\t\t\t\t<h2 class=\"elementor-heading-title elementor-size-default\">IMPULSION\n<\/h2>\t\t\t\t<\/div>\n\t\t\t\t<\/div>\n\t\t\t\t<div class=\"elementor-element elementor-element-b87cea3 elementor-widget elementor-widget-text-editor\" data-id=\"b87cea3\" data-element_type=\"widget\" data-e-type=\"widget\" data-widget_type=\"text-editor.default\">\n\t\t\t\t<div class=\"elementor-widget-container\">\n\t\t\t\t\t\t\t\t\t<p>UN FILM DE NICOLAS BOULASMA<\/p>\t\t\t\t\t\t\t\t<\/div>\n\t\t\t\t<\/div>\n\t\t\t\t<div class=\"elementor-element elementor-element-efe311b elementor-widget__width-initial elementor-widget-mobile__width-initial elementor-widget elementor-widget-text-editor\" data-id=\"efe311b\" data-element_type=\"widget\" data-e-type=\"widget\" data-widget_type=\"text-editor.default\">\n\t\t\t\t<div class=\"elementor-widget-container\">\n\t\t\t\t\t\t\t\t\t<p>Adrien, lyc\u00e9en solitaire et artiste \u00e0 ses heures perdues, vit seul avec sa m\u00e8re. Un apr\u00e8s-midi, apr\u00e8s ses cours, il fait la encontre de celle qui va lui devenir une v\u00e9ritable obsession\u2026<\/p>\t\t\t\t\t\t\t\t<\/div>\n\t\t\t\t<\/div>\n\t\t\t\t\t<\/div>\n\t\t<\/div>\n\t\t\t\t\t<\/div>\n\t\t<\/section>\n\t\t\t\t<section class=\"elementor-section elementor-top-section elementor-element elementor-element-6bb6c95 elementor-section-boxed elementor-section-height-default elementor-section-height-default edgtf-parallax-row-no edgtf-content-aligment-left edgtf-elementor-row-grid-no edgtf-disabled-bg-image-bellow-no\" data-id=\"6bb6c95\" data-element_type=\"section\" data-e-type=\"section\" data-settings=\"{&quot;_ha_eqh_enable&quot;:false}\">\n\t\t\t\t\t\t<div class=\"elementor-container elementor-column-gap-default\">\n\t\t\t\t\t<div class=\"elementor-column elementor-col-100 elementor-top-column elementor-element elementor-element-c6ddc2f\" data-id=\"c6ddc2f\" data-element_type=\"column\" data-e-type=\"column\">\n\t\t\t<div class=\"elementor-widget-wrap elementor-element-populated\">\n\t\t\t\t\t\t<div class=\"elementor-element elementor-element-9da367a elementor-widget-divider--view-line elementor-widget elementor-widget-divider\" data-id=\"9da367a\" data-element_type=\"widget\" data-e-type=\"widget\" data-widget_type=\"divider.default\">\n\t\t\t\t<div class=\"elementor-widget-container\">\n\t\t\t\t\t\t\t<div class=\"elementor-divider\">\n\t\t\t<span class=\"elementor-divider-separator\">\n\t\t\t\t\t\t<\/span>\n\t\t<\/div>\n\t\t\t\t\t\t<\/div>\n\t\t\t\t<\/div>\n\t\t\t\t\t<\/div>\n\t\t<\/div>\n\t\t\t\t\t<\/div>\n\t\t<\/section>\n\t\t\t\t<section class=\"elementor-section elementor-top-section elementor-element elementor-element-4308225 elementor-section-boxed elementor-section-height-default elementor-section-height-default edgtf-parallax-row-no edgtf-content-aligment-left edgtf-elementor-row-grid-no edgtf-disabled-bg-image-bellow-no\" data-id=\"4308225\" data-element_type=\"section\" data-e-type=\"section\" data-settings=\"{&quot;background_background&quot;:&quot;classic&quot;,&quot;_ha_eqh_enable&quot;:false}\">\n\t\t\t\t\t\t<div class=\"elementor-container elementor-column-gap-default\">\n\t\t\t\t\t<div class=\"elementor-column elementor-col-50 elementor-top-column elementor-element elementor-element-98a2e68\" data-id=\"98a2e68\" data-element_type=\"column\" data-e-type=\"column\">\n\t\t\t<div class=\"elementor-widget-wrap elementor-element-populated\">\n\t\t\t\t\t\t<div class=\"elementor-element elementor-element-fc3d183 elementor-widget__width-initial elementor-widget elementor-widget-text-editor\" data-id=\"fc3d183\" data-element_type=\"widget\" data-e-type=\"widget\" data-widget_type=\"text-editor.default\">\n\t\t\t\t<div class=\"elementor-widget-container\">\n\t\t\t\t\t\t\t\t\t<p><strong>AUTEUR ET R\u00c9ALISATEUR <\/strong>: Nicolas BOULASMA<\/p><p><strong>PRODUCTION\u00a0: <\/strong>PUNICA<\/p><p><strong>CHARG\u00c9E DE PRODUCTION :<\/strong>\u00a0 Nicolas BOULASMA<\/p><p><strong>AVEC LE SOUTIEN DE :<\/strong> Universit\u00e9 Paris Vlll<\/p><p><strong>SORTIE\u00a0<\/strong>: Janvier 2020<\/p><p><strong>DUR\u00c9E <\/strong>: 24 min<\/p><p><strong>GENRE\u00a0<\/strong>: Thriller<\/p><p><strong>LANGUE\u00a0<\/strong>: Fran\u00e7aise<\/p>\t\t\t\t\t\t\t\t<\/div>\n\t\t\t\t<\/div>\n\t\t\t\t\t<\/div>\n\t\t<\/div>\n\t\t\t\t<div class=\"elementor-column elementor-col-50 elementor-top-column elementor-element elementor-element-29e435b\" data-id=\"29e435b\" data-element_type=\"column\" data-e-type=\"column\">\n\t\t\t<div class=\"elementor-widget-wrap elementor-element-populated\">\n\t\t\t\t\t\t<div class=\"elementor-element elementor-element-4d6b57f elementor-widget elementor-widget-text-editor\" data-id=\"4d6b57f\" data-element_type=\"widget\" data-e-type=\"widget\" data-widget_type=\"text-editor.default\">\n\t\t\t\t<div class=\"elementor-widget-container\">\n\t\t\t\t\t\t\t\t\t<p><strong>ACTEUR.RICE.S <\/strong>: Lucas DOS SANTOS \/ Maelli KERVOELEN \/ Nadine CHATELIER \/ Igor MANUEL\u00a0<\/p><p><strong>CHEF OP\u00c9RATEUR : <\/strong>Thibault CAPDEVIELLE<\/p><p><strong>CADREURS<\/strong> : Emeric GALLEGO \/ Seymoor ANNETTE<\/p><p><strong>ING\u00c9NIEURS SON : <\/strong>Richemond OUREGA \/ Thibault CAPDEVIELLE<\/p><p><strong>D\u00c9CORS : <\/strong>Jo\u00eblle COURSAULT<\/p><p><strong>MONTAGE\u00a0: <\/strong>Lucas DOS SANTOS<\/p><p><strong>\u00c9TALONNEUSE : <\/strong>Klervia CIZEAU<\/p><p><strong>MIXEUR SON &amp; MUSICIEN<\/strong>\u00a0<em>: <\/em>Richemond OUREGA (<em>JoliGar\u00e7onSuave<\/em>)<\/p><p><strong>GRAPHISTE\u00a0: <\/strong>Maxime LARGENT<\/p>\t\t\t\t\t\t\t\t<\/div>\n\t\t\t\t<\/div>\n\t\t\t\t\t<\/div>\n\t\t<\/div>\n\t\t\t\t\t<\/div>\n\t\t<\/section>\n\t\t\t\t<section class=\"elementor-section elementor-top-section elementor-element elementor-element-179584a elementor-section-stretched elementor-section-boxed elementor-section-height-default elementor-section-height-default edgtf-parallax-row-no edgtf-content-aligment-left edgtf-elementor-row-grid-no edgtf-disabled-bg-image-bellow-no\" data-id=\"179584a\" data-element_type=\"section\" data-e-type=\"section\" data-settings=\"{&quot;background_background&quot;:&quot;classic&quot;,&quot;stretch_section&quot;:&quot;section-stretched&quot;,&quot;_ha_eqh_enable&quot;:false}\">\n\t\t\t\t\t\t<div class=\"elementor-container elementor-column-gap-default\">\n\t\t\t\t\t<div class=\"elementor-column elementor-col-100 elementor-top-column elementor-element elementor-element-7cdc28b\" data-id=\"7cdc28b\" data-element_type=\"column\" data-e-type=\"column\" data-settings=\"{&quot;background_background&quot;:&quot;classic&quot;}\">\n\t\t\t<div class=\"elementor-widget-wrap elementor-element-populated\">\n\t\t\t\t\t\t<div class=\"elementor-element elementor-element-f6f2ec1 elementor-widget elementor-widget-heading\" data-id=\"f6f2ec1\" data-element_type=\"widget\" data-e-type=\"widget\" data-widget_type=\"heading.default\">\n\t\t\t\t<div class=\"elementor-widget-container\">\n\t\t\t\t\t<h2 class=\"elementor-heading-title elementor-size-large\">m\u00e9dias<\/h2>\t\t\t\t<\/div>\n\t\t\t\t<\/div>\n\t\t\t\t<div class=\"elementor-element elementor-element-7c7940c elementor-widget elementor-widget-gallery\" data-id=\"7c7940c\" data-element_type=\"widget\" data-e-type=\"widget\" data-settings=\"{&quot;columns&quot;:3,&quot;gap&quot;:{&quot;unit&quot;:&quot;px&quot;,&quot;size&quot;:20,&quot;sizes&quot;:[]},&quot;lazyload&quot;:&quot;yes&quot;,&quot;gallery_layout&quot;:&quot;grid&quot;,&quot;columns_tablet&quot;:2,&quot;columns_mobile&quot;:1,&quot;gap_tablet&quot;:{&quot;unit&quot;:&quot;px&quot;,&quot;size&quot;:10,&quot;sizes&quot;:[]},&quot;gap_mobile&quot;:{&quot;unit&quot;:&quot;px&quot;,&quot;size&quot;:10,&quot;sizes&quot;:[]},&quot;link_to&quot;:&quot;file&quot;,&quot;aspect_ratio&quot;:&quot;3:2&quot;,&quot;overlay_background&quot;:&quot;yes&quot;,&quot;content_hover_animation&quot;:&quot;fade-in&quot;}\" data-widget_type=\"gallery.default\">\n\t\t\t\t<div class=\"elementor-widget-container\">\n\t\t\t\t\t\t\t<div class=\"elementor-gallery__container\">\n\t\t\t\t\t\t\t<a class=\"e-gallery-item elementor-gallery-item elementor-animated-content\" href=\"https:\/\/punicacinema.fr\/wp-content\/uploads\/2022\/03\/vlcsnap-2019-11-29-17h30m56s225.png\" data-elementor-open-lightbox=\"yes\" data-elementor-lightbox-slideshow=\"7c7940c\" data-elementor-lightbox-title=\"vlcsnap-2019-11-29-17h30m56s225\" data-e-action-hash=\"#elementor-action%3Aaction%3Dlightbox%26settings%3DeyJpZCI6NzQ5OCwidXJsIjoiaHR0cHM6XC9cL3B1bmljYWNpbmVtYS5mclwvd3AtY29udGVudFwvdXBsb2Fkc1wvMjAyMlwvMDNcL3ZsY3NuYXAtMjAxOS0xMS0yOS0xN2gzMG01NnMyMjUucG5nIiwic2xpZGVzaG93IjoiN2M3OTQwYyJ9\">\n\t\t\t\t\t<div class=\"e-gallery-image elementor-gallery-item__image\" data-thumbnail=\"https:\/\/punicacinema.fr\/wp-content\/uploads\/2022\/03\/vlcsnap-2019-11-29-17h30m56s225-300x169.png\" data-width=\"300\" data-height=\"169\" aria-label=\"\" role=\"img\" ><\/div>\n\t\t\t\t\t\t\t\t\t\t\t<div class=\"elementor-gallery-item__overlay\"><\/div>\n\t\t\t\t\t\t\t\t\t\t\t\t\t\t<\/a>\n\t\t\t\t\t\t\t<a class=\"e-gallery-item elementor-gallery-item elementor-animated-content\" href=\"https:\/\/punicacinema.fr\/wp-content\/uploads\/2022\/03\/vlcsnap-2019-11-29-17h32m19s28.png\" data-elementor-open-lightbox=\"yes\" data-elementor-lightbox-slideshow=\"7c7940c\" data-elementor-lightbox-title=\"vlcsnap-2019-11-29-17h32m19s28\" data-e-action-hash=\"#elementor-action%3Aaction%3Dlightbox%26settings%3DeyJpZCI6NzQ5OSwidXJsIjoiaHR0cHM6XC9cL3B1bmljYWNpbmVtYS5mclwvd3AtY29udGVudFwvdXBsb2Fkc1wvMjAyMlwvMDNcL3ZsY3NuYXAtMjAxOS0xMS0yOS0xN2gzMm0xOXMyOC5wbmciLCJzbGlkZXNob3ciOiI3Yzc5NDBjIn0%3D\">\n\t\t\t\t\t<div class=\"e-gallery-image elementor-gallery-item__image\" data-thumbnail=\"https:\/\/punicacinema.fr\/wp-content\/uploads\/2022\/03\/vlcsnap-2019-11-29-17h32m19s28-300x169.png\" data-width=\"300\" data-height=\"169\" aria-label=\"\" role=\"img\" ><\/div>\n\t\t\t\t\t\t\t\t\t\t\t<div class=\"elementor-gallery-item__overlay\"><\/div>\n\t\t\t\t\t\t\t\t\t\t\t\t\t\t<\/a>\n\t\t\t\t\t\t\t<a class=\"e-gallery-item elementor-gallery-item elementor-animated-content\" href=\"https:\/\/punicacinema.fr\/wp-content\/uploads\/2022\/03\/vlcsnap-2019-11-29-17h33m32s23.png\" data-elementor-open-lightbox=\"yes\" data-elementor-lightbox-slideshow=\"7c7940c\" data-elementor-lightbox-title=\"vlcsnap-2019-11-29-17h33m32s23\" data-e-action-hash=\"#elementor-action%3Aaction%3Dlightbox%26settings%3DeyJpZCI6NzUwMSwidXJsIjoiaHR0cHM6XC9cL3B1bmljYWNpbmVtYS5mclwvd3AtY29udGVudFwvdXBsb2Fkc1wvMjAyMlwvMDNcL3ZsY3NuYXAtMjAxOS0xMS0yOS0xN2gzM20zMnMyMy5wbmciLCJzbGlkZXNob3ciOiI3Yzc5NDBjIn0%3D\">\n\t\t\t\t\t<div class=\"e-gallery-image elementor-gallery-item__image\" data-thumbnail=\"https:\/\/punicacinema.fr\/wp-content\/uploads\/2022\/03\/vlcsnap-2019-11-29-17h33m32s23-300x169.png\" data-width=\"300\" data-height=\"169\" aria-label=\"\" role=\"img\" ><\/div>\n\t\t\t\t\t\t\t\t\t\t\t<div class=\"elementor-gallery-item__overlay\"><\/div>\n\t\t\t\t\t\t\t\t\t\t\t\t\t\t<\/a>\n\t\t\t\t\t\t\t<a class=\"e-gallery-item elementor-gallery-item elementor-animated-content\" href=\"https:\/\/punicacinema.fr\/wp-content\/uploads\/2022\/03\/vlcsnap-2019-11-29-17h35m53s146.png\" data-elementor-open-lightbox=\"yes\" data-elementor-lightbox-slideshow=\"7c7940c\" data-elementor-lightbox-title=\"vlcsnap-2019-11-29-17h35m53s146\" data-e-action-hash=\"#elementor-action%3Aaction%3Dlightbox%26settings%3DeyJpZCI6NzUwMiwidXJsIjoiaHR0cHM6XC9cL3B1bmljYWNpbmVtYS5mclwvd3AtY29udGVudFwvdXBsb2Fkc1wvMjAyMlwvMDNcL3ZsY3NuYXAtMjAxOS0xMS0yOS0xN2gzNW01M3MxNDYucG5nIiwic2xpZGVzaG93IjoiN2M3OTQwYyJ9\">\n\t\t\t\t\t<div class=\"e-gallery-image elementor-gallery-item__image\" data-thumbnail=\"https:\/\/punicacinema.fr\/wp-content\/uploads\/2022\/03\/vlcsnap-2019-11-29-17h35m53s146-300x169.png\" data-width=\"300\" data-height=\"169\" aria-label=\"\" role=\"img\" ><\/div>\n\t\t\t\t\t\t\t\t\t\t\t<div class=\"elementor-gallery-item__overlay\"><\/div>\n\t\t\t\t\t\t\t\t\t\t\t\t\t\t<\/a>\n\t\t\t\t\t\t\t<a class=\"e-gallery-item elementor-gallery-item elementor-animated-content\" href=\"https:\/\/punicacinema.fr\/wp-content\/uploads\/2022\/03\/vlcsnap-2019-11-29-17h38m17s51.png\" data-elementor-open-lightbox=\"yes\" data-elementor-lightbox-slideshow=\"7c7940c\" data-elementor-lightbox-title=\"vlcsnap-2019-11-29-17h38m17s51\" data-e-action-hash=\"#elementor-action%3Aaction%3Dlightbox%26settings%3DeyJpZCI6NzUwMywidXJsIjoiaHR0cHM6XC9cL3B1bmljYWNpbmVtYS5mclwvd3AtY29udGVudFwvdXBsb2Fkc1wvMjAyMlwvMDNcL3ZsY3NuYXAtMjAxOS0xMS0yOS0xN2gzOG0xN3M1MS5wbmciLCJzbGlkZXNob3ciOiI3Yzc5NDBjIn0%3D\">\n\t\t\t\t\t<div class=\"e-gallery-image elementor-gallery-item__image\" data-thumbnail=\"https:\/\/punicacinema.fr\/wp-content\/uploads\/2022\/03\/vlcsnap-2019-11-29-17h38m17s51-300x169.png\" data-width=\"300\" data-height=\"169\" aria-label=\"\" role=\"img\" ><\/div>\n\t\t\t\t\t\t\t\t\t\t\t<div class=\"elementor-gallery-item__overlay\"><\/div>\n\t\t\t\t\t\t\t\t\t\t\t\t\t\t<\/a>\n\t\t\t\t\t\t\t<a class=\"e-gallery-item elementor-gallery-item elementor-animated-content\" href=\"https:\/\/punicacinema.fr\/wp-content\/uploads\/2022\/03\/vlcsnap-2019-11-29-17h39m26s226.png\" data-elementor-open-lightbox=\"yes\" data-elementor-lightbox-slideshow=\"7c7940c\" data-elementor-lightbox-title=\"vlcsnap-2019-11-29-17h39m26s226\" data-e-action-hash=\"#elementor-action%3Aaction%3Dlightbox%26settings%3DeyJpZCI6NzUwNCwidXJsIjoiaHR0cHM6XC9cL3B1bmljYWNpbmVtYS5mclwvd3AtY29udGVudFwvdXBsb2Fkc1wvMjAyMlwvMDNcL3ZsY3NuYXAtMjAxOS0xMS0yOS0xN2gzOW0yNnMyMjYucG5nIiwic2xpZGVzaG93IjoiN2M3OTQwYyJ9\">\n\t\t\t\t\t<div class=\"e-gallery-image elementor-gallery-item__image\" data-thumbnail=\"https:\/\/punicacinema.fr\/wp-content\/uploads\/2022\/03\/vlcsnap-2019-11-29-17h39m26s226-300x169.png\" data-width=\"300\" data-height=\"169\" aria-label=\"\" role=\"img\" ><\/div>\n\t\t\t\t\t\t\t\t\t\t\t<div class=\"elementor-gallery-item__overlay\"><\/div>\n\t\t\t\t\t\t\t\t\t\t\t\t\t\t<\/a>\n\t\t\t\t\t<\/div>\n\t\t\t\t\t<\/div>\n\t\t\t\t<\/div>\n\t\t\t\t\t<\/div>\n\t\t<\/div>\n\t\t\t\t\t<\/div>\n\t\t<\/section>\n\t\t\t\t<\/div>\n\t\t","protected":false},"excerpt":{"rendered":"<p>IMPULSION UN FILM DE NICOLAS BOULASMA Adrien, lyc\u00e9en solitaire et artiste \u00e0 ses heures perdues, vit seul [&hellip;]<\/p>\n","protected":false},"author":1,"featured_media":6066,"parent":0,"menu_order":0,"comment_status":"closed","ping_status":"closed","template":"elementor_header_footer","meta":{"footnotes":""},"class_list":["post-6885","page","type-page","status-publish","has-post-thumbnail","hentry"],"_links":{"self":[{"href":"https:\/\/punicacinema.fr\/index.php?rest_route=\/wp\/v2\/pages\/6885","targetHints":{"allow":["GET"]}}],"collection":[{"href":"https:\/\/punicacinema.fr\/index.php?rest_route=\/wp\/v2\/pages"}],"about":[{"href":"https:\/\/punicacinema.fr\/index.php?rest_route=\/wp\/v2\/types\/page"}],"author":[{"embeddable":true,"href":"https:\/\/punicacinema.fr\/index.php?rest_route=\/wp\/v2\/users\/1"}],"replies":[{"embeddable":true,"href":"https:\/\/punicacinema.fr\/index.php?rest_route=%2Fwp%2Fv2%2Fcomments&post=6885"}],"version-history":[{"count":121,"href":"https:\/\/punicacinema.fr\/index.php?rest_route=\/wp\/v2\/pages\/6885\/revisions"}],"predecessor-version":[{"id":15846,"href":"https:\/\/punicacinema.fr\/index.php?rest_route=\/wp\/v2\/pages\/6885\/revisions\/15846"}],"wp:featuredmedia":[{"embeddable":true,"href":"https:\/\/punicacinema.fr\/index.php?rest_route=\/wp\/v2\/media\/6066"}],"wp:attachment":[{"href":"https:\/\/punicacinema.fr\/index.php?rest_route=%2Fwp%2Fv2%2Fmedia&parent=6885"}],"curies":[{"name":"wp","href":"https:\/\/api.w.org\/{rel}","templated":true}]}}